is the thousands digit of (-76)/(((-112)/k)/(-8))?
1
Let q = 31129 - 21553. What is the thousands digit of q?
9
Let h be (1470/(-441))/(5/((-30)/(-4))). Let n(r) = 5*r**2 - r**3 + 0*r + 2*r**3 - 5*r - 4. What is the tens digit of n(h)?
2
Let u(j) = j**2 + 47*j - 38. Let a be u(-22). Let p = 610 + a. What is the units digit of p?
2
Suppose -3*m = -3*l + 26601, 19*m = 5*l + 18*m - 44359. What is the tens digit of l?
7
Let r(b) = -b + 4. Let w be r(3). Let f(j) = 89*j**2 + j + 7. Let i(t) = 177*t**2 + 2*t + 16. Let u(o) = 7*f(o) - 3*i(o). What is the units digit of u(w)?
4
Suppose 128*d + 7*o = 133*d - 90310, 0 = -5*d + 3*o + 90310. What is the hundreds digit of d?
0
Suppose 3*o = -957*w + 960*w - 17517, 4 = 4*o. What is the thousands digit of w?
5
Suppose 0 = 8*j - 6*j - 10, -3*j = y - 1008. Suppose 15 = 3*t + 2*t. Suppose -3*o + y = -d + 291, -702 = -t*o - 2*d. What is the tens digit of o?
3
Suppose -2*s + 17*s = -69*s + 1933008. What is the tens digit of s?
1
Suppose 72*k - 296 = 76*k. Let h = k + 64. Let r = 52 - h. What is the units digit of r?
2
Let p be (0/5)/(-5)*4/8. Suppose -7*u + 5539 = -3*u + 3*v, p = -3*u - 4*v + 4163. What is the hundreds digit of u?
3
Let w be 6/7 - 612/(-119). Suppose 0 = -l - 2*l - w, 0 = 4*c - 4*l - 4392. What is the tens digit of c?
9
Let d = -509 - -514. Suppose 3*x = -5*b + 513, -5*x + d*b + 575 = -240. What is the units digit of x?
6
Suppose -w = -2*x + 5*x - 1, -5*x = -w - 15. What is the units digit of w/2 + 7/(-14)*-7?
1
What is the ten thousands digit of (15968/(-12) + 12)*42/(-4)?
1
Let j be 3 + (4 + 0)/4. Let c be -1 - -1 - j - -9. Suppose 9*y = c*y + 340. What is the units digit of y?
5
Let j(g) = 18*g**2 - 117*g - 52. What is the tens digit of j(19)?
2
Let l(z) = 5*z**2 + 632*z + 1152. What is the ten thousands digit of l(-174)?
4
Let m = 47 + -8. Suppose 0 = -i - m - 12. Let g = i - -86. What is the tens digit of g?
3
Let g(s) = 324*s + 18. Let u(b) = -2*b. Let i(o) = -g(o) - 2*u(o). What is the units digit of i(-3)?
2
What is the thousands digit of ((-598)/8)/((-135)/14040)?
7
Let i(h) = -48*h**3 + 4*h**2 - 4*h - 2. Let y be i(2). Let t = y - -474. What is the tens digit of t?
9
What is the thousands digit of 42/(-21) - (11241/(-6) - 1)*4?
7
Let h = 10 + -5. Suppose h*k = 32 + 18. Suppose -k*i = -6*i - 900. What is the tens digit of i?
2
Suppose -4*b - 15518 = -2*r, 7*r + 15513 = -4*b + 10*r. What is the units digit of (b/18)/((-3)/9)?
7
Suppose -16*j + 3204 + 21884 = 0. Let v = 2207 - j. What is the tens digit of v?
3
Let b(h) = -h**3 - 2*h**2 - 4*h - 61. Let p be b(-17). Suppose p = 10*q - 988. What is the units digit of q?
3
Suppose 0 = -j + 16 + 22. Let s = j + -37. What is the units digit of (3 + -10)*-13*s?
1
Suppose 396901 + 105267 = 7*y + 34*y. What is the hundreds digit of y?
2
Suppose -5*x - 5*k = -1325, x - 805 = -2*x - k. Let z = x + -82. What is the units digit of z?
8
Suppose -2*w + 12829 = 5*l, -935*w + 3*l = -938*w + 19257. What is the thousands digit of w?
6
Suppose 30 = 6*w - 144. Let o = -21 + w. Suppose o*y - 6*y - 44 = 0. What is the units digit of y?
2
Let d be 40/2 + (8 - 10). Suppose -d*j + 22*j - 12 = 0. Suppose 402 = j*o - 4*f - 120, -3*o - 4*f = -522. What is the hundreds digit of o?
1
Suppose -20 = 4*g, -i = -g + 12 + 17. Let c be 20/(-170) - 13026/i. Suppose 4*f - 3*u - 286 = 16, -5*f + c = -u. What is the tens digit of f?
7
Let l(r) = -r**2 - 17*r + 20. Let h be l(-18). Suppose 0 = -2*q - h, 5*q = -3*w - 2*w + 1165. What is the units digit of w?
4
Let k = -179 + 128. What is the units digit of (189/(-7))/(3/k)?
9
Let x = 305 + -85. Let j(v) = -v**2 - 30*v + 403. Let f be j(-39). Let w = x - f. What is the hundreds digit of w?
1
Suppose -4*w + 5184 = 12*w. Suppose -20*u + w + 2176 = 0. What is the hundreds digit of u?
1
Let n be (-3)/(-5)*4905/3. Suppose 27*y + 993 = 29*y + 3*h, h = 2*y - n. What is the units digit of y?
2
Suppose 120*b = 525*b - 781650. What is the hundreds digit of b?
9
Let b(f) = f**3 - 7*f**2 + 12*f - 41. Let y be b(6). Let a be 4/6 + y/3. Let d = a - -37. What is the tens digit of d?
3
What is the thousands digit of ((-9)/18 - 5/10)/(2/(-6104))?
3
Let f = -4781 + 4863. What is the tens digit of f?
8
Let r(t) = 3*t**2 + 2590*t**3 - 3*t + 6*t - 3 - 2572*t**3. What is the tens digit of r(3)?
1
Let u(g) = -2 - 113*g + 212*g + 15*g**2 - 104*g + 488*g**2. What is the units digit of u(-1)?
6
Let r(b) = -2*b + 43. Let m be r(25). Let k be ((-12)/m - 0)/(6/315). Suppose 4*o + 12 = 0, -c - k = -4*c + 3*o. What is the tens digit of c?
2
Suppose 0 = 4*f - 5*v - 104052, -4*v = 4*f - 30901 - 73187. What is the hundreds digit of f?
0
What is the tens digit of 7*(116/(-87) - (-206800)/84)?
2
Let w(y) = 3*y - 9*y + 11*y - y**2 - 5 + 10*y. Let b be w(14). Suppose d - 4*d - b = 3*z, z - d - 5 = 0. What is the units digit of z?
1
Let l = -29442 - -46261. What is the ten thousands digit of l?
1
Let y(k) = -62*k + 89. Let o be y(-11). Let a = 1323 - o. What is the tens digit of a?
5
Suppose 154 - 2028 = m. What is the units digit of (-1 - m/(-10))/(2/(-5))?
1
Suppose -3*w - j = -6195 - 15561, 2*j - 29012 = -4*w. What is the units digit of w?
0
Let g = 141 - -96. Let b(m) = m + 6. Let s be b(-3). Suppose -2*o + 375 = 5*h - o, 0 = -s*h - 3*o + g. What is the tens digit of h?
7
Let x(f) = 3*f**3 + 13*f - 24. Let d(p) = -8*p**3 - 38*p + 71. Let t(y) = 6*d(y) + 17*x(y). What is the hundreds digit of t(6)?
6
Let t be -6 - -2 - (-1 - 7). Suppose -m - 1955 = -t*c, -13*c + 14*c = 5*m + 465. What is the hundreds digit of c?
4
Let h = 11267 - 4281. What is the thousands digit of h?
6
Let k be 215*85/(-100)*-4. What is the tens digit of (-2)/(-3)*-3 + k + 3?
3
Suppose -5*w + 11 = 46. Let v be 23*3*w/(-3). What is the units digit of 191/7 + (-46)/v?
7
Let l(y) be the second derivative of -y**4/12 - 5*y**3/3 + 857*y**2 + y - 37. What is the hundreds digit of l(0)?
7
Suppose -6 + 5 = -j. Let d be (-1 + 1)/(1/(j/2)). Suppose -v + 3*f + 40 = d, 0*v + 2*v - f = 95. What is the tens digit of v?
4
Let x(d) = -8*d**2 + 1683*d + 16. What is the ten thousands digit of x(111)?
8
Let o be 6/5*(-725)/(-58). What is the tens digit of 984/o + 0 + (-4)/(-10)?
6
Let i(b) = -10 + 12*b - 1 + 7*b - 20*b. Let n be i(-15). What is the units digit of 74 - (0 + n - 8)?
8
Suppose 4*k + 4*x = 3*x + 18091, 4*k = -4*x + 18076. Suppose 4*o - k = 5*d, -1156 = -3*o + 2*o - 5*d. What is the units digit of o?
6
Let x(g) = g**3 + 21*g**2 - 21*g + 7. Let d be x(-21). Let v = d + -328. What is the tens digit of v?
2
Suppose 5*w + 749320 = 60*w - 113850. What is the thousands digit of w?
5
Suppose -10*m + 33 = -7*m. What is the units digit of (-2 - (-4402)/m) + (-6)/33?
8
Suppose -4*b + 32 = 5*r, -b - 3*r = -0*b - 15. Suppose -y - 2*g = b*y - 1106, 4*g + 263 = y. What is the hundreds digit of y?
2
Suppose -4*d + 2*h + 24 = -4, d = -4*h + 16. What is the tens digit of -4*(-2493)/d - (-3)/6?
4
Suppose 5*z + 125199 = 5*c + 8*z, -3*c - 5*z + 75145 = 0. What is the tens digit of c?
3
Let n(x) = -2*x**2 - 17*x - 419. Let t(v) = v**2 + 8*v + 206. Let s(u) = -3*n(u) - 5*t(u). What is the tens digit of s(0)?
2
Let h = 49640 - 16165. What is the units digit of h?
5
Suppose 3*v - 14374 = -o, -v + 3*v - 4*o - 9592 = 0. Suppose 12*f - 7*f = -y + v, 0 = -y + 2. What is the units digit of f?
8
Let m = 11492 + -6499. What is the thousands digit of m?
4
Let a(h) = -h**2 - 151*h - 304. What is the thousands digit of a(-61)?
5
Let r = -23 - -26. Suppose 2*n - r*d - 2481 = 0, -2*n - 13*d = -11*d - 2476. What is the units digit of n?
9
Let u(d) = 14*d**2 + 3*d - 4. Suppose -9*v - 90 = -12*v. Suppose -p + 33 = v. What is the tens digit of u(p)?
3
Let v(r) = 2*r**2 + 42*r - 39. Let p be v(-24). Let u = p + 1073. What is the hundreds digit of u?
1
What is the ten thousands digit of (12455 - -10) + 8 - -12?
1
Suppose y - 31947 = -4*q, -80*q - 4*y + 7998 = -79*q. What is the tens digit of q?
8
Let o = -25 - -46. Let r be (-280)/o*(-6 - (-1 + -2)). Let j = r - 18. What is the tens digit of j?
2
Suppose -j + 137*k + 3595 = 132*k, -2*k - 7142 = -2*j. What is the hundreds digit of j?
5
Let q = 35891 + -35597. What is the tens digit of q?
9
Let u(s) = -94*s + 13. Let z be u(1). What is the units digit of (17379/12)/(z/(-108))?
1
Let z be -2*2/4